{"id":137,"date":"2016-02-12T12:57:31","date_gmt":"2016-02-12T11:57:31","guid":{"rendered":"http:\/\/choeur-et-passions.fr\/wordpress\/?page_id=137"},"modified":"2020-01-26T19:05:43","modified_gmt":"2020-01-26T18:05:43","slug":"choeur-et-passions-sa-longue-histoire","status":"publish","type":"page","link":"https:\/\/www.choeur-et-passions.fr\/index.php\/la-chorale\/choeur-et-passions-sa-longue-histoire\/","title":{"rendered":"CH\u0152UR ET PASSIONS : sa longue histoire"},"content":{"rendered":"<table class=\" alignleft\">\n<tbody>\n<tr>\n<td width=\"113\" bgcolor=\"f6a0a0\"><strong>Nouveau !<\/strong><\/td>\n<td width=\"558\" bgcolor=\"f6a0a0\"><a target=\"_blank\" href=\"http:\/\/www.choeur-et-passions.fr\/wp-content\/uploads\/2016\/05\/Panneaux-expo.pdf\" rel=\"noopener noreferrer\"><strong>Retrouvez l&rsquo;histoire de Choeur &amp; Passions en 32 panneaux<\/strong><\/a>.<br \/>\n&nbsp;<\/td>\n<\/tr>\n<tr>\n<td width=\"113\" bgcolor=\"d0d6e5\"><strong>Depuis Toujours<\/strong><\/td>\n<td width=\"558\" bgcolor=\"d0d6e5\">La plupart des villages du Nord \u00e9taient dot\u00e9s d\u2019une chorale paroissiale&nbsp;; Annappes avait la sienne compos\u00e9e d\u2019un ch\u0153ur d\u2019hommes.<br \/>\n&nbsp;<\/td>\n<\/tr>\n<tr>\n<td width=\"113\" bgcolor=\"d0d6e5\"><strong>1933<\/strong><\/td>\n<td width=\"558\" bgcolor=\"d0d6e5\">Un ch\u0153ur de femmes est cr\u00e9\u00e9 par S\u0153ur Catherine.<br \/>\n&nbsp;<\/td>\n<\/tr>\n<tr>\n<td width=\"113\" bgcolor=\"d0d6e5\"><strong>1953<\/strong><\/td>\n<td width=\"558\" bgcolor=\"d0d6e5\">L\u2019Abb\u00e9 VANHOUTTE fonde un groupe d\u2019enfants de 6 \u00e0 14 ans.<br \/>\n&nbsp;<\/td>\n<\/tr>\n<tr>\n<td width=\"113\" bgcolor=\"d0d6e5\"><strong>1955<\/strong><\/td>\n<td width=\"558\" bgcolor=\"d0d6e5\">Les 3 ch\u0153urs sont r\u00e9unis et progressivement des chants profanes viennent s\u2019ajouter au r\u00e9pertoire religieux.<br \/>\n&nbsp;<\/td>\n<\/tr>\n<tr>\n<td width=\"113\" bgcolor=\"d0d6e5\"><strong>1965<\/strong><\/td>\n<td width=\"558\" bgcolor=\"d0d6e5\">Pour se produire en concert, la chorale prend le nom d\u2019EVA (ensemble vocal d\u2019Annappes), plac\u00e9e sous la direction de G\u00e9rard LEFEBVRE et sous la pr\u00e9sidence de Jean MAHIEU second\u00e9 par Ren\u00e9 DEVESTEL.<br \/>\n&nbsp;<\/td>\n<\/tr>\n<tr>\n<td width=\"113\" bgcolor=\"eff1a5\"><strong>1966<\/strong><\/td>\n<td width=\"558\" bgcolor=\"eff1a5\">Le groupe se structure sous forme associative d\u00e9clar\u00e9 officiellement en Pr\u00e9fecture sous la d\u00e9nomination ENSEMBLE VOCAL SAINT SEBASTIEN.<br \/>\n&nbsp;<\/td>\n<\/tr>\n<tr>\n<td width=\"113\" bgcolor=\"eff1a5\"><strong>1983<\/strong><\/td>\n<td width=\"558\" bgcolor=\"eff1a5\">D\u00e9mission de G\u00e9rard LEFEBVRE. Jean-Fran\u00e7ois PLOUVIER, ancien choriste, devient \u00e0 20 ans le nouveau chef de ch\u0153ur.<br \/>\n&nbsp;<\/td>\n<\/tr>\n<tr>\n<td width=\"113\" bgcolor=\"eff1a5\"><strong>1987<\/strong><\/td>\n<td width=\"558\" bgcolor=\"eff1a5\">Cr\u00e9ation de la chorale CROQ\u2019NOTES. En 1989, Jo\u00eblle GALLO en prend la direction et, sous son impulsion, acquiert une renomm\u00e9e r\u00e9gionale.<br \/>\n&nbsp;<\/td>\n<\/tr>\n<tr>\n<td width=\"113\" bgcolor=\"eff1a5\"><strong>1990<\/strong><\/td>\n<td width=\"558\" bgcolor=\"eff1a5\">Le groupe d\u2019adultes n\u2019animant plus depuis plusieurs ann\u00e9es les offices religieux, l\u2019association change de nom pour devenir CH\u0152UR ET PASSIONS.<br \/>\n&nbsp;<\/td>\n<\/tr>\n<tr>\n<td width=\"113\" bgcolor=\"eff1a5\"><strong>1992<\/strong><\/td>\n<td width=\"558\" bgcolor=\"eff1a5\">Ren\u00e9 DEVESTEL prend la succession de Jean MAHIEU \u00e0 la pr\u00e9sidence de l\u2019association apr\u00e8s en avoir \u00e9t\u00e9 un des fondateurs.<br \/>\n&nbsp;<\/td>\n<\/tr>\n<tr>\n<td width=\"113\" bgcolor=\"eff1a5\"><strong>1995<\/strong><\/td>\n<td width=\"558\" bgcolor=\"eff1a5\">D\u00e9c\u00e8s de Jean-Fran\u00e7ois PLOUVIER. Benjamin FRANCART devient \u00e0 22 ans le nouveau directeur.<br \/>\n&nbsp;<\/td>\n<\/tr>\n<tr>\n<td width=\"113\" bgcolor=\"eff1a5\"><strong>2003<\/strong><\/td>\n<td width=\"558\" bgcolor=\"eff1a5\">Benjamin FRANCART d\u00e9missionne. Beno\u00eet CHANTRY reprend le flambeau.<br \/>\n&nbsp;<\/td>\n<\/tr>\n<tr>\n<td width=\"113\" bgcolor=\"eff1a5\"><strong>2004<\/strong><\/td>\n<td width=\"558\" bgcolor=\"eff1a5\">Beno\u00eet CHANTRY quitte la chorale et Ariane STELANDRE le remplace.<br \/>\n&nbsp;<\/td>\n<\/tr>\n<tr>\n<td width=\"113\" bgcolor=\"eff1a5\"><strong>2005<\/strong><\/td>\n<td width=\"558\" bgcolor=\"eff1a5\">D\u00e9part du pr\u00e9sident Ren\u00e9 DEVESTEL, remplac\u00e9 par Pascal RAMECOURT, lui-m\u00eame remplac\u00e9 par Francis FLORENT.<br \/>\n&nbsp;<\/td>\n<\/tr>\n<tr>\n<td width=\"113\" bgcolor=\"eff1a5\"><strong>2006<\/strong><\/td>\n<td width=\"558\" bgcolor=\"eff1a5\">Murielle VANDENOUC prend la succession d\u2019Ariane STELANDRE. Elle est \u00e0 la direction du ch\u0153ur jusqu&rsquo;en septembre 2019.<br \/>\n&nbsp;<\/td>\n<\/tr>\n<tr>\n<td width=\"113\" bgcolor=\"eff1a5\"><strong>2007<\/strong><\/td>\n<td width=\"558\" bgcolor=\"eff1a5\">La chorale CROQ\u2019NOTES est dissoute suite au d\u00e9part de Jo\u00eblle GALLO \u2013 LORRIAUX.<br \/>\n&nbsp;<\/td>\n<\/tr>\n<tr>\n<td width=\"113\" bgcolor=\"eff1a5\"><strong>2016<\/strong><\/td>\n<td width=\"558\" bgcolor=\"eff1a5\">La chorale f\u00eate son jubil\u00e9 avec une ann\u00e9e riche en \u00e9v\u00e8nements.<br \/>\n<a href=\"http:\/\/www.choeur-et-passions.fr\/index.php\/choeur-passions-fete-son-jubile\/\">En savoir plus&#8230;<\/a><br \/>\n&nbsp;<\/td>\n<\/tr>\n<tr>\n<td width=\"113\" bgcolor=\"eff1a5\"><strong>2018<\/strong><\/td>\n<td width=\"558\" bgcolor=\"eff1a5\">Nous recevons le Ch\u0153ur des 3 abbayes, chorale qui nous avait admirablement bien re\u00e7us \u00e0 Senones dans les Vosges pour notre Jubil\u00e9.<br \/>\n&nbsp;<\/td>\n<\/tr>\n<tr>\n<td width=\"113\" bgcolor=\"eff1a5\"><strong>2019<\/strong><\/td>\n<td width=\"558\" bgcolor=\"eff1a5\">Laurence Bodin devient notre nouvelle Cheffe de ch\u0153ur.<br \/>\n&nbsp;<\/td>\n<\/tr>\n<\/tbody>\n<\/table>\n<p style=\"text-align: left;\">\n","protected":false},"excerpt":{"rendered":"<p>Nouveau ! Retrouvez l&rsquo;histoire de Choeur &amp; Passions en 32 panneaux. &nbsp; Depuis Toujours La plupart des villages du Nord \u00e9taient dot\u00e9s d\u2019une chorale paroissiale&nbsp;; Annappes avait la sienne compos\u00e9e d\u2019un ch\u0153ur d\u2019hommes. &nbsp; 1933 Un ch\u0153ur de femmes est cr\u00e9\u00e9 par S\u0153ur Catherine. &nbsp; 1953 L\u2019Abb\u00e9 VANHOUTTE fonde un groupe d\u2019enfants de 6 \u00e0 [&hellip;]<\/p>\n","protected":false},"author":1,"featured_media":0,"parent":10,"menu_order":1,"comment_status":"closed","ping_status":"closed","template":"","meta":{"ngg_post_thumbnail":0,"footnotes":""},"class_list":["post-137","page","type-page","status-publish","hentry"],"yoast_head":"<!-- This site is optimized with the Yoast SEO plugin v27.1.1 - https:\/\/yoast.com\/product\/yoast-seo-wordpress\/ -->\n<title>CH\u0152UR ET PASSIONS : sa longue histoire - Choeur &amp; Passions<\/title>\n<meta name=\"robots\" content=\"index, follow, max-snippet:-1, max-image-preview:large, max-video-preview:-1\" \/>\n<link rel=\"canonical\" href=\"https:\/\/www.choeur-et-passions.fr\/index.php\/la-chorale\/choeur-et-passions-sa-longue-histoire\/\" \/>\n<meta property=\"og:locale\" content=\"fr_FR\" \/>\n<meta property=\"og:type\" content=\"article\" \/>\n<meta property=\"og:title\" content=\"CH\u0152UR ET PASSIONS : sa longue histoire - Choeur &amp; Passions\" \/>\n<meta property=\"og:description\" content=\"Nouveau ! Retrouvez l&rsquo;histoire de Choeur &amp; Passions en 32 panneaux. &nbsp; Depuis Toujours La plupart des villages du Nord \u00e9taient dot\u00e9s d\u2019une chorale paroissiale&nbsp;; Annappes avait la sienne compos\u00e9e d\u2019un ch\u0153ur d\u2019hommes. &nbsp; 1933 Un ch\u0153ur de femmes est cr\u00e9\u00e9 par S\u0153ur Catherine. &nbsp; 1953 L\u2019Abb\u00e9 VANHOUTTE fonde un groupe d\u2019enfants de 6 \u00e0 [&hellip;]\" \/>\n<meta property=\"og:url\" content=\"https:\/\/www.choeur-et-passions.fr\/index.php\/la-chorale\/choeur-et-passions-sa-longue-histoire\/\" \/>\n<meta property=\"og:site_name\" content=\"Choeur &amp; Passions\" \/>\n<meta property=\"article:modified_time\" content=\"2020-01-26T18:05:43+00:00\" \/>\n<meta name=\"twitter:card\" content=\"summary_large_image\" \/>\n<meta name=\"twitter:label1\" content=\"Dur\u00e9e de lecture estim\u00e9e\" \/>\n\t<meta name=\"twitter:data1\" content=\"2 minutes\" \/>\n<script type=\"application\/ld+json\" class=\"yoast-schema-graph\">{\"@context\":\"https:\/\/schema.org\",\"@graph\":[{\"@type\":\"WebPage\",\"@id\":\"https:\/\/www.choeur-et-passions.fr\/index.php\/la-chorale\/choeur-et-passions-sa-longue-histoire\/\",\"url\":\"https:\/\/www.choeur-et-passions.fr\/index.php\/la-chorale\/choeur-et-passions-sa-longue-histoire\/\",\"name\":\"CH\u0152UR ET PASSIONS : sa longue histoire - Choeur &amp; Passions\",\"isPartOf\":{\"@id\":\"https:\/\/www.choeur-et-passions.fr\/#website\"},\"datePublished\":\"2016-02-12T11:57:31+00:00\",\"dateModified\":\"2020-01-26T18:05:43+00:00\",\"breadcrumb\":{\"@id\":\"https:\/\/www.choeur-et-passions.fr\/index.php\/la-chorale\/choeur-et-passions-sa-longue-histoire\/#breadcrumb\"},\"inLanguage\":\"fr-FR\",\"potentialAction\":[{\"@type\":\"ReadAction\",\"target\":[\"https:\/\/www.choeur-et-passions.fr\/index.php\/la-chorale\/choeur-et-passions-sa-longue-histoire\/\"]}]},{\"@type\":\"BreadcrumbList\",\"@id\":\"https:\/\/www.choeur-et-passions.fr\/index.php\/la-chorale\/choeur-et-passions-sa-longue-histoire\/#breadcrumb\",\"itemListElement\":[{\"@type\":\"ListItem\",\"position\":1,\"name\":\"Accueil\",\"item\":\"https:\/\/www.choeur-et-passions.fr\/\"},{\"@type\":\"ListItem\",\"position\":2,\"name\":\"La Chorale\",\"item\":\"https:\/\/www.choeur-et-passions.fr\/index.php\/la-chorale\/\"},{\"@type\":\"ListItem\",\"position\":3,\"name\":\"CH\u0152UR ET PASSIONS : sa longue histoire\"}]},{\"@type\":\"WebSite\",\"@id\":\"https:\/\/www.choeur-et-passions.fr\/#website\",\"url\":\"https:\/\/www.choeur-et-passions.fr\/\",\"name\":\"Choeur & Passions\",\"description\":\"\",\"publisher\":{\"@id\":\"https:\/\/www.choeur-et-passions.fr\/#organization\"},\"potentialAction\":[{\"@type\":\"SearchAction\",\"target\":{\"@type\":\"EntryPoint\",\"urlTemplate\":\"https:\/\/www.choeur-et-passions.fr\/?s={search_term_string}\"},\"query-input\":{\"@type\":\"PropertyValueSpecification\",\"valueRequired\":true,\"valueName\":\"search_term_string\"}}],\"inLanguage\":\"fr-FR\"},{\"@type\":\"Organization\",\"@id\":\"https:\/\/www.choeur-et-passions.fr\/#organization\",\"name\":\"Choeur & Passions\",\"url\":\"https:\/\/www.choeur-et-passions.fr\/\",\"logo\":{\"@type\":\"ImageObject\",\"inLanguage\":\"fr-FR\",\"@id\":\"https:\/\/www.choeur-et-passions.fr\/#\/schema\/logo\/image\/\",\"url\":\"https:\/\/www.choeur-et-passions.fr\/wp-content\/uploads\/2024\/04\/logo-cep.gif\",\"contentUrl\":\"https:\/\/www.choeur-et-passions.fr\/wp-content\/uploads\/2024\/04\/logo-cep.gif\",\"width\":1970,\"height\":500,\"caption\":\"Choeur & Passions\"},\"image\":{\"@id\":\"https:\/\/www.choeur-et-passions.fr\/#\/schema\/logo\/image\/\"}}]}<\/script>\n<!-- \/ Yoast SEO plugin. -->","yoast_head_json":{"title":"CH\u0152UR ET PASSIONS : sa longue histoire - Choeur &amp; Passions","robots":{"index":"index","follow":"follow","max-snippet":"max-snippet:-1","max-image-preview":"max-image-preview:large","max-video-preview":"max-video-preview:-1"},"canonical":"https:\/\/www.choeur-et-passions.fr\/index.php\/la-chorale\/choeur-et-passions-sa-longue-histoire\/","og_locale":"fr_FR","og_type":"article","og_title":"CH\u0152UR ET PASSIONS : sa longue histoire - Choeur &amp; Passions","og_description":"Nouveau ! Retrouvez l&rsquo;histoire de Choeur &amp; Passions en 32 panneaux. &nbsp; Depuis Toujours La plupart des villages du Nord \u00e9taient dot\u00e9s d\u2019une chorale paroissiale&nbsp;; Annappes avait la sienne compos\u00e9e d\u2019un ch\u0153ur d\u2019hommes. &nbsp; 1933 Un ch\u0153ur de femmes est cr\u00e9\u00e9 par S\u0153ur Catherine. &nbsp; 1953 L\u2019Abb\u00e9 VANHOUTTE fonde un groupe d\u2019enfants de 6 \u00e0 [&hellip;]","og_url":"https:\/\/www.choeur-et-passions.fr\/index.php\/la-chorale\/choeur-et-passions-sa-longue-histoire\/","og_site_name":"Choeur &amp; Passions","article_modified_time":"2020-01-26T18:05:43+00:00","twitter_card":"summary_large_image","twitter_misc":{"Dur\u00e9e de lecture estim\u00e9e":"2 minutes"},"schema":{"@context":"https:\/\/schema.org","@graph":[{"@type":"WebPage","@id":"https:\/\/www.choeur-et-passions.fr\/index.php\/la-chorale\/choeur-et-passions-sa-longue-histoire\/","url":"https:\/\/www.choeur-et-passions.fr\/index.php\/la-chorale\/choeur-et-passions-sa-longue-histoire\/","name":"CH\u0152UR ET PASSIONS : sa longue histoire - Choeur &amp; Passions","isPartOf":{"@id":"https:\/\/www.choeur-et-passions.fr\/#website"},"datePublished":"2016-02-12T11:57:31+00:00","dateModified":"2020-01-26T18:05:43+00:00","breadcrumb":{"@id":"https:\/\/www.choeur-et-passions.fr\/index.php\/la-chorale\/choeur-et-passions-sa-longue-histoire\/#breadcrumb"},"inLanguage":"fr-FR","potentialAction":[{"@type":"ReadAction","target":["https:\/\/www.choeur-et-passions.fr\/index.php\/la-chorale\/choeur-et-passions-sa-longue-histoire\/"]}]},{"@type":"BreadcrumbList","@id":"https:\/\/www.choeur-et-passions.fr\/index.php\/la-chorale\/choeur-et-passions-sa-longue-histoire\/#breadcrumb","itemListElement":[{"@type":"ListItem","position":1,"name":"Accueil","item":"https:\/\/www.choeur-et-passions.fr\/"},{"@type":"ListItem","position":2,"name":"La Chorale","item":"https:\/\/www.choeur-et-passions.fr\/index.php\/la-chorale\/"},{"@type":"ListItem","position":3,"name":"CH\u0152UR ET PASSIONS : sa longue histoire"}]},{"@type":"WebSite","@id":"https:\/\/www.choeur-et-passions.fr\/#website","url":"https:\/\/www.choeur-et-passions.fr\/","name":"Choeur & Passions","description":"","publisher":{"@id":"https:\/\/www.choeur-et-passions.fr\/#organization"},"potentialAction":[{"@type":"SearchAction","target":{"@type":"EntryPoint","urlTemplate":"https:\/\/www.choeur-et-passions.fr\/?s={search_term_string}"},"query-input":{"@type":"PropertyValueSpecification","valueRequired":true,"valueName":"search_term_string"}}],"inLanguage":"fr-FR"},{"@type":"Organization","@id":"https:\/\/www.choeur-et-passions.fr\/#organization","name":"Choeur & Passions","url":"https:\/\/www.choeur-et-passions.fr\/","logo":{"@type":"ImageObject","inLanguage":"fr-FR","@id":"https:\/\/www.choeur-et-passions.fr\/#\/schema\/logo\/image\/","url":"https:\/\/www.choeur-et-passions.fr\/wp-content\/uploads\/2024\/04\/logo-cep.gif","contentUrl":"https:\/\/www.choeur-et-passions.fr\/wp-content\/uploads\/2024\/04\/logo-cep.gif","width":1970,"height":500,"caption":"Choeur & Passions"},"image":{"@id":"https:\/\/www.choeur-et-passions.fr\/#\/schema\/logo\/image\/"}}]}},"_links":{"self":[{"href":"https:\/\/www.choeur-et-passions.fr\/index.php\/wp-json\/wp\/v2\/pages\/137","targetHints":{"allow":["GET"]}}],"collection":[{"href":"https:\/\/www.choeur-et-passions.fr\/index.php\/wp-json\/wp\/v2\/pages"}],"about":[{"href":"https:\/\/www.choeur-et-passions.fr\/index.php\/wp-json\/wp\/v2\/types\/page"}],"author":[{"embeddable":true,"href":"https:\/\/www.choeur-et-passions.fr\/index.php\/wp-json\/wp\/v2\/users\/1"}],"replies":[{"embeddable":true,"href":"https:\/\/www.choeur-et-passions.fr\/index.php\/wp-json\/wp\/v2\/comments?post=137"}],"version-history":[{"count":29,"href":"https:\/\/www.choeur-et-passions.fr\/index.php\/wp-json\/wp\/v2\/pages\/137\/revisions"}],"predecessor-version":[{"id":2412,"href":"https:\/\/www.choeur-et-passions.fr\/index.php\/wp-json\/wp\/v2\/pages\/137\/revisions\/2412"}],"up":[{"embeddable":true,"href":"https:\/\/www.choeur-et-passions.fr\/index.php\/wp-json\/wp\/v2\/pages\/10"}],"wp:attachment":[{"href":"https:\/\/www.choeur-et-passions.fr\/index.php\/wp-json\/wp\/v2\/media?parent=137"}],"curies":[{"name":"wp","href":"https:\/\/api.w.org\/{rel}","templated":true}]}}